-t*a. Determine z(a).
-6
Let a(i) = 16842*i - 8445*i - 8408*i - 50. Give a(-5).
5
Let s(x) = -x**2 + x - 8. Let z(k) = -k**3 - 2*k**2. Let l(w) = 3*w**3 - 12*w**2 + 21*w. Let f(b) = -l(b) - 4*z(b). Let d be f(-21). Determine s(d).
-8
Let p(a) be the second derivative of -1/3*a**3 - 1/2*a**4 + 0 + 19*a + 3/2*a**2 - 1/20*a**5. What is p(-5)?
-12
Let r(y) be the first derivative of -y**3/3 - 5*y**2/2 + 8*y + 8331. What is r(-4)?
12
Let r(t) = t**3 + 2*t**3 - 4*t**2 - t - 4*t**3 + 2. Let f(z) = 6*z**2 + 507*z - 258. Let s be f(-85). Give r(s).
-4
Let m(h) = h**3 - 4*h**2 + 4*h - 2. Let i = 4910 - 4903. Let q be (-27)/(-1) + (0 - 1). Suppose -i*a + 2 = -q. Calculate m(a).
14
Let i(m) = 200*m**2 - 201*m**2 + 107 - 104 - 5*m. Determine i(0).
3
Let g be 1/12*4 + 10/6. Let z be (3 + 0)/6*(g + -4). Let i(a) = -a - 1. Let k be i(z). Let l(m) = -m**2 + 13. What is l(k)?
13
Let v(n) = -n**3 + 11*n**2 - 13*n + 43. Suppose -6676*m + 150 = -6661*m. Calculate v(m).
13
Let m(l) = 3*l. Suppose -k + 5 - 18 = -4*o, -4*o - 5*k + 7 = 0. Let d(x) = x**2 - x - 7. Let f be d(o). Let b be 8 - ((-4)/2)/f. What is m(b)?
18
Suppose 40 = -4*o + z, -7*z = -6*z - 4. Let i(j) = j**3 + 8*j**2 - 2*j - 11. Calculate i(o).
-74
Suppose 2 = -4*w + 5*i + 78, -8 = 2*i. Let d(s) = 2*s + 11191*s**2 - 6 - 11192*s**2 + 12*s. Determine d(w).
-6
Let j(u) = u + 1. Let l(z) = -5*z - 5. Suppose -2*r = 2*w - 10, 7 = 2*r - 1. Let p(b) = w*l(b) + 2*j(b). Let q(d) = -d + 5. Let g be q(7). Give p(g).
3
Let a(d) = -11*d**3 - 31*d**2 - 65*d + 129. Let i(g) = -42*g**3 - 123*g**2 - 259*g + 517. Let y(t) = -23*a(t) + 6*i(t). Give y(27).
0
Let w(k) be the first derivative of k**2/2 + 16*k - 10. Let a be ((-321)/(-21))/(-1) + 4/14. What is w(a)?
1
Let z(o) = 5*o + 56. Let a be -21*(-4)/15*360/(-288). Calculate z(a).
21
Let v(j) = -6*j**2 + 0 + 1 + 0*j**2 - 5*j**3 + 6*j**2 - j - 3*j**2. What is v(-2)?
31
Let s(v) = 11*v - 25. Suppose u = -76*u + 308. Determine s(u).
19
Let s(n) be the second derivative of -n**4/6 - 5*n**3/6 + 55*n**2/2 + 106*n + 19. What is s(5)?
-20
Suppose 0 = 3*v - 3, 3*z = z + v - 13. Let k(u) = -43*u**2 + 94*u**2 - 3 + 2*u + u**3 - 46*u**2 - 8*u. Give k(z).
-3
Suppose 0 = 22*a - 882 - 6686. Let d(k) = -7*k**2 - 2*k + 345*k**3 + 5*k**2 - 1 - a*k**3. Determine d(-1).
-2
Let l(w) = -w**3 + 1. Let y(j) = j**3 + 387*j**2 + 1 - 2*j - 381*j**2 + 2*j**3 + 0. Let x(b) = -4*l(b) - y(b). What is x(6)?
7
Let k(i) be the second derivative of 23*i - i**3 - 1 - 5/2*i**2 - 1/12*i**4. Calculate k(-7).
-12
Let y = 42 + -76. Let k be -35*(-5 + 4 - -2). Let s = y - k. Let t(v) = -4*v. What is t(s)?
-4
Let d be (-56)/12*93/62. Let y(b) = -2*b**2 - 13*b + 17. Determine y(d).
10
Let y(i) = -6*i**2 + 65*i + 56. Let n(u) = 13*u**2 - 143*u - 112. Let g(l) = 5*n(l) + 11*y(l). Give g(0).
56
Let b(n) = -n**2 + n + 480. Let z be b(0). Let c(v) = 243 - z + 244 + 4*v - 2*v**2. Give c(5).
-23
Let m be 2/14 + (-1704)/1491. Let l(c) = 16*c**3 - c**2 - c + 1. Determine l(m).
-15
Let x(n) = 109*n + 231. Let s be x(-2). Let o(f) = f**3 - 14*f**2 + 11*f + 16. Determine o(s).
-10
Let t(n) = 40*n - 83. Let g(u) = 82*u - 208. Let d(j) = -6*g(j) + 15*t(j). Calculate d(1).
111
Let r(d) = -2*d + 6*d - d**3 - 3 + 3*d**2 + d. Let o be r(4). Let v(k) = -3403*k**3 + 6787*k**3 - 3400*k**3 - k**2. Determine v(o).
-17
Let g be (-678)/(-2260) - 2/(-10). Let o(r) be the second derivative of 0 + g*r**3 + 1/2*r**2 + r. Determine o(1).
4
Let d = -5 - 1. Let j(k) be the second derivative of -2*k**2 + 1/12*k**4 + k**3 + 0 - 41*k. What is j(d)?
-4
Let m(j) be the first derivative of 1/2*j**2 + j + 1. Suppose 7*y - 35 = 5*v + 2*y, 2*v + 3*y - 6 = 0. Determine m(v).
-2
Let b(n) = -n - 5. Let x be 12*(66/(-36) + 2). Let d be (4 + -1)/(x - 92/40). Determine b(d).
5
Let i(l) = 3*l + 16. Let y(r) = r + 8. Let g(a) = i(a) - 2*y(a). Let n(h) = h**2 + 9*h + 2. Let k be n(-8). What is g(k)?
-6
Suppose -3*f - 40 = 5*l - 149, -3*l + 48 = -4*f. Let a be 36/l - (-5)/25. Let o(q) = 0*q - q + 1 - q. Give o(a).
-3
Let g(y) = -4*y**2 + 3*y**2 + y**2 + 4*y + 3*y**2 + 66 - 4*y**2. Let o be g(11). Let d(h) = -h**2 - 12*h + 6. Determine d(o).
17
Let k(z) = -5*z - 22. Suppose -4*n = 71 - 59. Calculate k(n).
-7
Let s(g) = -2*g**2 + 41. Let h(v) = -7*v**2 - 170*v + 138. Let o(y) = -h(y) + 2*s(y). Calculate o(-57).
1
Let l be 1 - (4 - 7)*-2. Let g be 1/(-8) - 28/32. Let b(c) = 1. Let v(z) = z**2 + 4*z + 4. Let u(h) = g*v(h) + 4*b(h). Calculate u(l).
-5
Let p(d) = -d**3 - 6*d**2 + 2*d - 5. Let k(w) = -491*w - 1473. Let x be k(-3). Calculate p(x).
-5
Let m(y) be the first derivative of -17*y**3/3 + 2*y**2 - 6*y + 4231. What is m(2)?
-66
Let d(v) be the third derivative of -v**4/24 + v**3/2 - v**2. Let c(r) = -79*r + 163*r + 2*r**2 + r**2 + 8 - r**3 - 88*r. Let f be c(2). Determine d(f).
-1
Let i be (-4)/8*5/(-10)*4. Let u(b) = -i + 3*b**3 - 4*b**3 + 4*b - 6*b**2 - 7*b + 2. Give u(-4).
-19
Let c(m) be the third derivative of -m**7/1008 - m**6/720 - 4*m**5/15 + m**4/8 + 309*m**2. Let g(j) be the third derivative of c(j). Determine g(1).
-6
Let c(q) = -21*q - 38*q + 68 + 19*q + 53*q. Determine c(-5).
3
Suppose 0*y - 2*y - 4*d = 22, -2*y = -2*d + 34. Let b = y + 33. Suppose 0 = b*o - 16*o - 14. Let m(p) = p**2 - 7*p - 5. What is m(o)?
-5
Let s(q) = 38*q - 17. Let z(o) = -6*o + 6. Let v(h) = -s(h) - 5*z(h). What is v(-6)?
35
Let n(i) = 1. Let w(o) = o - 5. Let g(r) = -6*n(r) - w(r). Let h(u) = 37*u + 5 - 13 - u**2 - 27*u. Let l be h(9). Give g(l).
-2
Let s(x) be the first derivative of -x**3/3 + x**2/2 + 4*x + 1. Let c(k) = -81*k**2 + 17*k - 3. Let f be c(0). What is s(f)?
-8
Let y(j) be the first derivative of -3*j**4 - j**3/3 + j**2/2 + j - 55. Let p be -6*3/(-36) - 3/2. Determine y(p).
11
Let o(v) = 2*v + 4. Suppose 2*m - 16 + 12 = 0. Suppose m*r + 4*s = 57 + 21, 4*r - s = 165. Let y = r + -46. Calculate o(y).
-6
Let m(r) = 2*r + 2. Suppose 2*n - 68 = -5*z, 0 = -4*z + 3*z + 5*n + 19. Suppose -z*p = -8*p - 36. Give m(p).
14
Let c(s) = -46*s + 30 - 17*s - 12*s + 73*s. What is c(8)?
14
Let o be (-4)/(-3)*(54696/32)/43. Let k(c) = 2*c**2 - 104*c - 109. What is k(o)?
-3
Suppose -3*i = -5*i + 776. Let g = -221 + i. Let u(a) = -18*a + a + 167 - g. What is u(-1)?
17
Let n(h) = 2*h**3 + 3*h. Let c(z) = -5*z**3 - 7*z**2 - 3*z - 8. Let x(w) = c(w) + 2*n(w). Calculate x(-8).
32
Let v(h) = -44*h**3 + 50*h**2 - 93*h - 18. Let k(m) = 7*m**3 - 8*m**2 + 15*m + 3. Let z(q) = 25*k(q) + 4*v(q). What is z(-2)?
5
Suppose -14 = -5*g - v, -5*v - 13 = -4*g + 4. Let t(j) = 2*j**3 + 2*j - 6*j + 0 + 6*j - j**g + 4*j**2 - 4. What is t(-3)?
-1
Let q(p) = 2*p - 8*p - 3593 - 6*p - 10*p + 3584. Give q(-4).
79
Let n(a) = 4*a + 2*a**2 + 0*a**3 - a**3 + 2*a**2 + 2*a**3. Let l(m) = -m**3 - 7*m**2 - 6*m + 5. Let x be l(-6). Suppose -x = -4*w - 17. Determine n(w).
-3
Let t(k) be the third derivative of -k**4/8 - k**3/2 - 3910*k**2 - 2*k. Give t(-3).
6
Let d(y) = y**3 + 4*y**2 - 2*y. Let q be (-22)/(5*4/(-10)). Suppose -q*o = -10*o + 4. What is d(o)?
8
Let n(x) = -x**2 + 3*x - 2. Let q = 9 + -27. Let o = q + 21. Let v be o*-1*(7 + -8). What is n(v)?
-2
Let y be 80/(-36) + 2/9. Let s be (6/4)/(y/(-4)). Let a(b) = -27*b**3 - 2*b**2 + 56*b**3 - 28*b**3. Give a(s).
9
Let f = 118 - 181. Let b = f + 143. Let r = b + -73. Let d(i) = -i**2 + 7*i - 8. Give d(r).
-8
Suppose 0*w = -n + 5*w + 55, 0 = -5*n - 2*w + 356. Let t = n + -63. Let l(r) = -r**3 + 8*r**2 - 8*r + 7. Determine l(t).
0
Let w(n) = 5*n**2 - 16*n - 58. Let x(f) = -f**2 + 2*f + 11. Let h(j) = -w(j) - 6*x(j). Determine h(-6).
4
Let d(q) = -q**2 + q + 1. Suppose 0 = 2*l - l - 4. Let c = -2059 + 2063. Suppose -l*w - w - p + 13 = 0, -c*p = 4*w - 4. Give d(w).
-5
Let t(p) be the third derivative of p**4/6 - 4*p**3/3 - 8*p**2 - 42*p. What is t(13)?
44
Let m be 13/(1495/(-46))*10/(-4). Let f(a) = -4*a**2 + 2*a - 3. Calculate f(m).
-5
Let y(m) = -m**3 + 3*m**2 - 6*m + 3. Suppose 0 = 39*d - 10 - 146. Give y(d).
-37
Let y(m) = m**3 + 10*m**2 - 9*m + 18. Let p(w) = w**2 - 90*w + 789. Let t be p(80). Give y(t).
-4
Let z(b) = -b**3 + 7*b**2 + 5*b - 21. Suppose -2*p - 658 = -3*o - 647, 3*o = -p + 26. Determine z(o).
14
Let i(y) be the first derivative of -y**5/60 + 3*y**4/8 + 5*y**3/6 + 17*y**2/2 - 63. Let m(v) be the second derivative of i(v). Determine m(9).
5
Let 